{"id":8522,"date":"2017-07-03T10:32:26","date_gmt":"2017-07-03T08:32:26","guid":{"rendered":"https:\/\/asogross-enzersdorf.ac.at\/?page_id=8522"},"modified":"2026-04-16T17:12:45","modified_gmt":"2026-04-16T15:12:45","slug":"1-klassen","status":"publish","type":"page","link":"https:\/\/asogross-enzersdorf.ac.at\/?page_id=8522","title":{"rendered":"WK 1"},"content":{"rendered":"<p style=\"text-align: center;\"><span style=\"font-size: 18pt;\"><strong><span style=\"font-family: georgia, palatino, serif; color: #ff0000;\">Wahrnehmungsklasse 1<\/span><\/strong><\/span><\/p>\n<p><span style=\"font-family: georgia, palatino, serif; font-size: 18pt;\"><span style=\"color: #ff6600;\">Lehrerinnen:<\/span> <\/span><\/p>\n<p><span style=\"font-family: georgia, palatino, serif; font-size: 18pt;\">Mag. Walk Katharina BEd.<\/span><\/p>\n<p><span style=\"font-family: georgia, palatino, serif; font-size: 18pt;\">Fraberger Christina BEd.<\/span><\/p>\n<p><span style=\"font-family: georgia, palatino, serif; font-size: 18pt;\"><span style=\"color: #ff6600;\">St\u00fctzkraft:<\/span> <\/span><\/p>\n<p><span style=\"font-family: georgia, palatino, serif; font-size: 18pt;\">Weber Doris<\/span><\/p>\n<p>&nbsp;<\/p>\n<p><span style=\"font-family: georgia, palatino, serif; font-size: 18pt;\">Die Klasse besteht derzeit aus 6 Kindern im Alter zwischen 7 und 9 Jahren. Unterrichtet wird nach den Lehrpl\u00e4nen der Volksschule, dem allgemeinen Sonderschullehrplan und dem erh\u00f6hten F\u00f6rderbedarf.<\/span><\/p>\n","protected":false},"excerpt":{"rendered":"<p>Wahrnehmungsklasse 1 Lehrerinnen: Mag. Walk Katharina BEd. Fraberger Christina BEd. St\u00fctzkraft: Weber Doris &nbsp; Die Klasse besteht derzeit aus 6 Kindern im Alter zwischen 7 und 9 Jahren. Unterrichtet wird &#8230;<\/p>\n","protected":false},"author":6,"featured_media":0,"parent":8789,"menu_order":1,"comment_status":"closed","ping_status":"closed","template":"","meta":{"ngg_post_thumbnail":0,"footnotes":""},"class_list":["post-8522","page","type-page","status-publish","hentry"],"_links":{"self":[{"href":"https:\/\/asogross-enzersdorf.ac.at\/index.php?rest_route=\/wp\/v2\/pages\/8522","targetHints":{"allow":["GET"]}}],"collection":[{"href":"https:\/\/asogross-enzersdorf.ac.at\/index.php?rest_route=\/wp\/v2\/pages"}],"about":[{"href":"https:\/\/asogross-enzersdorf.ac.at\/index.php?rest_route=\/wp\/v2\/types\/page"}],"author":[{"embeddable":true,"href":"https:\/\/asogross-enzersdorf.ac.at\/index.php?rest_route=\/wp\/v2\/users\/6"}],"replies":[{"embeddable":true,"href":"https:\/\/asogross-enzersdorf.ac.at\/index.php?rest_route=%2Fwp%2Fv2%2Fcomments&post=8522"}],"version-history":[{"count":14,"href":"https:\/\/asogross-enzersdorf.ac.at\/index.php?rest_route=\/wp\/v2\/pages\/8522\/revisions"}],"predecessor-version":[{"id":9730,"href":"https:\/\/asogross-enzersdorf.ac.at\/index.php?rest_route=\/wp\/v2\/pages\/8522\/revisions\/9730"}],"up":[{"embeddable":true,"href":"https:\/\/asogross-enzersdorf.ac.at\/index.php?rest_route=\/wp\/v2\/pages\/8789"}],"wp:attachment":[{"href":"https:\/\/asogross-enzersdorf.ac.at\/index.php?rest_route=%2Fwp%2Fv2%2Fmedia&parent=8522"}],"curies":[{"name":"wp","href":"https:\/\/api.w.org\/{rel}","templated":true}]}}